j) = -41385*j**2 + 82765*j**2 - 41379*j**2 + 11*j + 14. Give l(-2).
-4
Let s(k) = 6*k + 4. Suppose -3*l + 4*l = w - 1, -2*w = 3*l + 8. Let b be ((-1)/w)/(8/(-32)) - -1. Determine s(b).
-14
Let z(j) = j**2 + j - 1. Let i(u) = u**2 - 2*u + 9. Let v be i(0). Suppose -4*t - q = -v, -5*t - 2*q + q + 10 = 0. Determine z(t).
1
Let q(o) = 16*o**2 - 17*o**2 + 12*o - 1841 - 1850 + 3695. Let m = -12 + 24. What is q(m)?
4
Let b(k) = 1. Let w(p) = -p**2 + 2 - 3*p + 0*p + 5*p. Let i(u) = 5*b(u) - w(u). Let f = 20889 - 20887. Calculate i(f).
3
Let m(z) be the first derivative of -z**5/120 + z**4/6 + 26*z**3/3 - 2*z**2 - 171. Let k(r) be the third derivative of m(r). Determine k(-4).
8
Let c(y) be the third derivative of -11/120*y**5 + 1/24*y**4 - 9*y**2 + 0 - 7/6*y**3 + 0*y. Let j(r) be the first derivative of c(r). Calculate j(-1).
12
Suppose -21*u = -27*u. Suppose u = -7*l + 17*l + 40. Let r(y) be the second derivative of 5*y**3/6 - 5*y**2/2 + y. What is r(l)?
-25
Let v(f) = f + 12. Let a be (-510)/(-8) - (-5)/(-40)*-2. Suppose -3*z - 128 = -4*g, g = 3*g - z - a. Suppose -g + 2 = 5*w. Give v(w).
6
Let o(z) = 150*z**2 - 7 - 11*z**3 - 305*z**2 + 151*z**2 - 3*z + 12*z**3. Let j be (10/(-8))/(5/(-20)). Determine o(j).
3
Let q be (1/1)/(4/(-68)). Let r(p) = p**2 + 24*p + 116. Let u be r(q). Let m(g) be the first derivative of -g**2/2 - g - 1. Calculate m(u).
2
Suppose 0 = -8*j - 22*j + 4*j + 260. Let h be (-1)/(-2) - (-62)/4. Let y(q) = -j - h + q + 55 - 21. Determine y(-7).
1
Let w(t) = -25*t + 3. Let r be w(-1). Let o = -26 + r. Let j(f) = -19*f + 8*f - 3 + 10*f + o*f. Give j(5).
2
Let x(q) = q. Let i(g) = -g**3 - 6*g**2 - 6*g + 7. Let o(t) = -i(t) - 6*x(t). Suppose 50*r + 26 = -2*u + 54*r, -5*u = -5*r + 45. Calculate o(u).
18
Let d(h) be the third derivative of -h**6/120 - h**5/30 - h**4/12 + 5*h**3/6 - 3414*h**2. Determine d(0).
5
Let r(m) = m**2 - 5*m - 1. Let q(j) = -8*j**2 + 3*j - 15. Let c(n) = -q(n) - 6*r(n). What is c(-12)?
-15
Suppose -2*h - 31 = 3*v, 46 = 8*v - 12*v + 2*h. Let a(o) = o**3 + 8*o**2 - 37*o + 3. Determine a(v).
47
Let o(h) = 662 - 323 - 328 - h. Let g(t) = -4*t + 44. Suppose 12 = 4*k + 5*l - 0*l, 4*k + l = -4. Let d(j) = k*g(j) + 9*o(j). Calculate d(12).
-1
Suppose -10 = -4*v - 2. Let a(f) be the first derivative of -3*f**4/4 + f**3 - 3*f**2/2 + f + 3886. Give a(v).
-17
Let h(g) = 51*g - 1064. Let d be h(21). Let m(z) = -10*z + 68. Give m(d).
-2
Let v(b) be the third derivative of -4*b**2 + 3/20*b**5 + 12 + 0*b + 11/24*b**4 - 1/6*b**3 - 1/120*b**6. What is v(10)?
9
Let q(h) = 7*h**3 - 11*h**2 - 2*h + 9. Let y(a) = -6*a**3 + 10*a**2 + 2*a - 8. Let b(r) = -5*q(r) - 6*y(r). Suppose -23 = -d - 19. Determine b(d).
-21
Let b be 11 + 0 - (-18 - (9 - 27)). Let o(x) = 3*x - 20. Determine o(b).
13
Let x be (35 + -30)*12/10. Let g be (x/(-18))/((-20)/(-6) + -3). Let a(n) = -3*n**2 + 2*n + 2. Calculate a(g).
-3
Let t(a) = a - 2*a + a**2 - 7 - 5*a. Suppose -1634 = 27*b + 90*b - 2336. Determine t(b).
-7
Let i(n) be the third derivative of 5*n**4/24 - n**3/6 + 951*n**2 + n. Determine i(3).
14
Let y be 1/((10/(-294))/(-5)). Let w be (6/(-7))/(21/y). Let r(d) = d**2 + 3*d - 11. What is r(w)?
7
Let r be (90/(-4))/(50/88 - 16/(-88)). Let k(p) = -2*p - 46. What is k(r)?
14
Let s(r) be the third derivative of -r**4/8 - r**3/3 - 271*r**2 + r. Calculate s(-1).
1
Let s(h) = -h**3 + 23*h - 71*h**2 - 7*h - 21*h + 2 + 63*h**2. Determine s(-8).
42
Let g be (-1)/(-3*13/(-312)). Suppose 3*l - 15 = -0. Let w(d) = -d + 1. Let p(i) = -i**3 - 9*i**2 - 3*i - 11. Let b(o) = l*w(o) + p(o). Calculate b(g).
-6
Let k(s) = -7*s - 13. Let y(r) = -6*r - 12. Let n(t) = 2*k(t) - 3*y(t). Suppose -9622*z + 8926*z - 4872 = 0. Calculate n(z).
-18
Let j(d) = -d**2 + 26*d + 97. Let i be j(29). Let m(w) be the first derivative of -w**2/2 - 14*w - 1. Determine m(i).
-24
Let g(o) be the third derivative of -o**6/120 - o**5/4 + 5*o**4/8 - 5*o**3/3 - 2917*o**2. Give g(-16).
6
Let t(m) = -m - 10. Let r be t(-6). Let b be (-2)/r - 28/8. Let q(h) = 3*h - h - 29769*h**2 + 29770*h**2 - 4. Determine q(b).
-1
Let k(y) = -5*y**3 - 26*y**2 - 15*y - 7. Let w(x) = -14*x**3 - 76*x**2 - 40*x - 20. Let p(j) = 17*k(j) - 6*w(j). Calculate p(13).
-25
Let r(g) = 2*g**2 + 0*g**2 - 2 - 65*g - 5 + 60*g + 3. What is r(5)?
21
Suppose -4*r - 24 = 2*k, 3*r - k + 16 = -2*k. Let a be r - -2 - (49 - 55). Let n(q) = 2*q**2 + 5. Determine n(a).
37
Let p(f) be the second derivative of 7/6*f**3 - 1/12*f**4 - 3*f**2 - 30*f + 0. Calculate p(5).
4
Let j be ((-13)/(-3) - 10/(-15))*9. Let r = -14 + j. Let a(o) = 32*o + o**2 - 61*o - 2 + r*o. Calculate a(-3).
1
Let z(h) = -h**3 - 8*h**2 + 2*h - 19. Let c = 3427 + -3435. Calculate z(c).
-35
Let u(y) be the first derivative of -y**2 - 7*y + 168. Let b be (2*-2)/((-6)/(-9)). What is u(b)?
5
Let i(a) = 14 + 2*a**2 + 49*a - 27*a + a**2 - 4*a**2 - 18*a. Give i(-5).
-31
Let i be 6/(-60)*-4 - 36/(-10). Suppose 3*l - 6*l + 21 = -3*p, -20 = -3*l + i*p. Let r(f) = -2*f + 18. Determine r(l).
2
Let z(d) = d**2 + 2*d - 3. Let v = -28 - -36. Suppose 0 = -u - v*u + 18. Calculate z(u).
5
Let m be (0 + (3 - 1))/1. Let t(a) = -a**2 + 6*a - 3*a**2 + 5*a**2 - m*a**2 + 3. Suppose -449 - 67 = -86*v. Calculate t(v).
3
Let y(x) = 2*x + 23. Let c be 5*256/(-80) + 22. Calculate y(c).
35
Let q(v) = 3*v + 3. Let j(m) = 8*m + 1. Let n(g) = 1. Let a(f) = -j(f) - 6*n(f). Let c(z) = -2*a(z) - 5*q(z). What is c(-8)?
-9
Let t(z) be the third derivative of -z**5/30 + z**4/24 - 41*z**3/6 + z**2 - 55. Let q(w) be the first derivative of t(w). What is q(-1)?
5
Suppose 2*v - 6 = 0, -8*o - 2*v = -3*o - 6. Suppose -z + 5 = -4*q, 5*z = 3*q - o*q + 8. Let s(n) = 1520*n**3 - 3026*n**3 - 1 + 1517*n**3 - n. Determine s(q).
-11
Let z(t) = t**3 + 57*t**2 + 2*t + 105. Let a be z(-57). Let m(d) = d**3 + 10*d**2 + 3*d + 1. Calculate m(a).
55
Let p(x) = -3*x**2 + 83*x - 579. Let v be p(15). Let t(w) = 9*w + 10. Give t(v).
-71
Let w(q) be the third derivative of -q**5/60 - q**4/4 - q**3/6 + 2*q**2 - 1586*q - 1. Suppose 0 = -2*n + 3*n + 6. Let o be 34/n - 2/(-3). Determine w(o).
4
Suppose 6*m = 5*i + m - 10, -2*m = 0. Suppose -5*t = -3*o - 10, -5*t = -4*t + 2*o - i. Let c(u) = 11*u + 7*u - 7*u + t. Give c(2).
24
Let r(x) = 5*x + 6. Let l(a) = a + 2. Let z(h) = 3*h + 7. Let s(t) = -4*l(t) + z(t). Let b(f) = -r(f) - 6*s(f). Calculate b(1).
1
Let m(f) be the first derivative of -f**5/120 - 7*f**4/24 + 2*f**3/3 + 16*f**2 + 66. Let w(s) be the third derivative of m(s). Calculate w(-10).
3
Let u(a) = -2*a - 4. Let s(z) = -3*z - 6. Let x = 113 + -118. Let l be (x/(-3))/(-5)*-24. Let y(b) = l*u(b) - 5*s(b). What is y(-3)?
1
Let u be -1*14/28*-2. Let p(q) = 8*q**2 + q - 1. What is p(u)?
8
Let j = 1901 - 19009/10. Let o(i) be the second derivative of 0 - 3/2*i**2 + 6*i + j*i**5 + 1/3*i**3 - 1/6*i**4. Determine o(2).
9
Let c(s) = -29*s - 21*s**3 - 2*s**2 - s - 2 + 5*s**3 + 27*s. What is c(-1)?
15
Let j(p) = -p**3 + 5*p**2 + 12*p + 9. Let x(k) = 2*k + 9. Let m(f) = 5*f + 29. Let d(g) = 2*m(g) - 7*x(g). Let o be d(-3). Give j(o).
-5
Let p(h) = -103*h**3 + 52*h**2 + 7*h - 53. Let y(n) = -44*n**3 + 25*n**2 + 3*n - 26. Let r(s) = -3*p(s) + 7*y(s). What is r(-19)?
-23
Let u(y) be the first derivative of y**4/4 + 10*y**3/3 + 3*y - 4. Suppose 0 = 4*r - 32 + 24. Let w be r*-6 - (6 - 8). Determine u(w).
3
Let z(n) = -n + 3. Let q be z(-3). Let y(j) = j**2 - 7*j - 16. Let g be y(9). Let b(k) = -g*k - 5 - k + 3 + 1. Determine b(q).
-19
Let w(d) = -3*d + 15. Let r be w(4). Suppose -5*t - 3*q = -15, 3*t - 2 = -q + 3. Let a(k) = -4 + t + 0 - 4*k - k. Give a(r).
-19
Let n(i) = -2*i**3 - 8*i**2 + 5*i - 5. Let c = 3414 + -3418. What is n(c)?
-25
Let i = 628 + -949. Let y = i - -327. Let v(r) be the first derivative of r**3/3 - 9*r**2/2 + 6*r - 1. Give v(y).
-12
Let j be 1/(((-40)/90)/(-4)). Let z(p) = 5*p - 45. Give z(j).
0
Let i(p) = -p**2 - p + 1. Let l(o) = o**3 - 4*o**2 - 5*o. Let y(m) = i(m) - l(m). Let w = -90330 - -90333. What is y(w)?
13
Let h(g) = 2*g - 37. Let n be (27/(-18))/(3/28). Let o be h(n). Let a = o + 60. Let d(v) = -v**3 - 4*v**2 + 4*v - 6. Give d(a).
-1
Let u(r) be the first derivative of -13*r**6/360 - r**5/60 + r**4/24 - 21*r**3 - 101. Let z(l) be the third derivative of u(l). Calculate z(1).
-14
Let k(v) = 3*v - 1. Suppose 49*b = 1